. Let m be 8/4 + 0/z. Let v be (-114)/(-2) + (-1)/(m/(-6)). What is the greatest common factor of v and 20?
20
Let j(c) = 4*c**3 - 38*c**2 + 439*c + 49. Let s be j(9). What is the greatest common divisor of 1010 and s?
202
Let n(i) be the first derivative of -i**2/2 + 46*i - 88. Let s be n(14). Calculate the greatest common divisor of 32 and s.
32
Let l be (-651)/(-231) - (-4)/22. Let d(f) = -f + 9. Let y be d(l). Calculate the highest common divisor of y and 15.
3
Let y(u) = 5*u**2 + 2*u - 1. Let g be y(4). Suppose -4*d = 4*o + o + 219, d = -2*o - g. Let v = 29 - o. What is the greatest common divisor of v and 9?
9
Suppose -3*q - 2517 = -3*w, 3*q = 5*w - 0*w - 4205. Let h = w + -712. Calculate the highest common divisor of 72 and h.
12
Suppose 0 = 3*i + 15, 5*h + 1344 = i + 4589. What is the highest common factor of h and 1836?
108
Let p = -583 - -616. Suppose -17*h = -18*h + p. Suppose 2*a - 9 = -a. What is the highest common divisor of a and h?
3
Let n(c) be the first derivative of c**4/4 - 5*c**3 - 6*c**2 - 20*c - 1. Let t be n(16). Let k = t + 76. Calculate the highest common factor of 15 and k.
15
Let r = -25683 - -37703. What is the greatest common factor of 120 and r?
20
Let b = 16 - 20. Let a be b/(-8) + 6645/6. Suppose 0 = 8*p - 476 - a. Calculate the greatest common factor of p and 18.
18
Let s = -11 + 18. Let l(k) = k**2 - 17*k + 109. Let c be l(12). What is the greatest common divisor of s and c?
7
Suppose -z + 471 = -2*n, -4*n - 1843 - 524 = -5*z. Calculate the greatest common factor of 190 and z.
95
Suppose -102*c + 101543 + 95521 = 0. Calculate the highest common factor of 63 and c.
21
Suppose -32 = -o - 0*o. Suppose -3*x - 11 = -4*x. Suppose -12*b + 16 = -x*b. Calculate the greatest common divisor of o and b.
16
Let u(s) = 2*s + 23. Let k be u(-10). Let y be (k + -6)/(2/22). Let f = y + 113. What is the highest common factor of f and 20?
20
Let y = 3338 + -1871. What is the highest common factor of 27 and y?
9
Let a be 3/(-1)*((-78)/18 - -3). Suppose 0 = -5*r + q + 1263, a*r - 4*q - 1005 = -5*q. Calculate the greatest common factor of 36 and r.
36
Suppose 0*k - 30*k + 120 = 0. Suppose k*z - 265 = 3*y, 5*z + 2*y + 2*y - 370 = 0. Calculate the highest common factor of z and 28.
14
Suppose 153 = 4*t + 5*t. Suppose -2*u = t + 1. Let b be u/(-21)*38 + (-4)/14. Calculate the greatest common divisor of b and 112.
16
Let o be (72/6 + 4)*(-1914)/(-24). What is the highest common factor of 264 and o?
44
Suppose 8*j - 114 = 2630. Suppose 207 = 10*w - j. What is the highest common divisor of w and 15?
5
Suppose 164599 = 83*s - 56305 + 9586. What is the highest common divisor of 938 and s?
134
Let p be (-4)/4 + 2 - -4. Let w be ((-90)/p)/((-3)/4). Suppose -2*z + 34 = 4*u, -u + 3*z = 75 - 80. Calculate the highest common factor of u and w.
8
Let r be 4 - (1/(-4) - 43/4). Suppose 2*f = 2*w + 26, 2*w - r = -4*f + 19. What is the greatest common divisor of f and 2?
2
Let b be 10 - (2 - 31 - 30/((-840)/308)). Let u = 295 + -172. Let h = u + -81. Calculate the highest common factor of h and b.
14
Let o be 17/(-3) + (-98)/(-147). Let q be o + -1 - 1660/(-10). Calculate the highest common divisor of q and 5.
5
Suppose 0 = -110*v + 112*v - 2336. Let n(t) = -22*t - 72. Let r be n(-4). Calculate the highest common divisor of v and r.
16
Let c(n) = -n**3 + 12*n**2 + 17*n - 45. Let h be c(13). Suppose -a + h = -26. Calculate the greatest common factor of 495 and a.
33
Let w(u) = 23*u - 2. Let n be w(6). Suppose -22484*v = -22431*v - 2968. What is the greatest common factor of n and v?
8
Let i(r) = 53*r - 8. Suppose 3*k = 8*k - 40. Let s be i(k). Calculate the greatest common factor of s and 13.
13
Let t(u) = -u**2 - 17*u - 4. Let m be -12 + (3/2)/(8/(-16)). Let s be t(m). What is the highest common factor of 234 and s?
26
Suppose 43*u + 13884 = 63*u + 69*u. Calculate the highest common divisor of u and 720.
12
Let u(o) be the first derivative of 169*o - 3/2*o**2 - 13. Let i be u(0). Calculate the greatest common factor of i and 13.
13
Suppose -47*x = -50*x + 9. Suppose -5*l - 7*d + 374 = -x*d, d = -4*l + 297. What is the highest common divisor of 37 and l?
37
Let o(j) = 50*j**2 - 55*j - 9. Let g be o(2). What is the highest common factor of g and 36?
9
Suppose 28*a - 374 = -2*r + 23*a, 906 = 5*r - 2*a. Calculate the highest common factor of 882 and r.
14
Suppose 1175 + 531 = 11*n + 551. Calculate the greatest common divisor of n and 510.
15
Let t(b) = -b**2 - 18*b. Let x be t(-17). Suppose 0*f - 2*f + 3*g + 235 = 0, -2*g = -5*f + 593. Calculate the greatest common factor of f and x.
17
Suppose -110*v + 116*v - 720 = 0. Let k = -119 + v. Let y(o) = o**3 - 7*o**2 + 7*o + 5. Let f be y(6). What is the highest common factor of k and f?
1
Suppose 0 = i - 14. Let v be ((-63)/14 - -8)*(4 - -72). Calculate the highest common divisor of i and v.
14
Let h be -3 + 17 + -12 - (-1385 + 3 + -3). Calculate the greatest common factor of 365 and h.
73
Suppose -d + z = -11, 2*z - 18 = -2*d + 3*z. Suppose -d*r - 478 = 264. Let l be (4 + r)*3/(-9). Calculate the highest common factor of 17 and l.
17
Let n be (782/(-85))/(((-3)/(-20))/3). Let d = -131 - n. Calculate the highest common factor of d and 1.
1
Suppose 5*p + l = 48, -5*p + 40 = 7*l - 2*l. Let t be (-332)/(-16) + 3/(-4). What is the highest common factor of t and p?
10
Let y(n) = -n + 1. Let c(j) = 2*j + 264. Let b(s) = c(s) - 8*y(s). Let z be b(-6). Calculate the greatest common divisor of z and 84.
28
Suppose -2*r + 50 = 2*w, -r + 48 - 5 = -5*w. Suppose -10 - r = y. Let z = -35 - y. What is the greatest common divisor of 15 and z?
3
Let k = 0 - -4. Suppose -2*d + 70 = 3*r, 2*r + 6 = d + 41. What is the greatest common divisor of k and r?
4
Let s be (1/(-3))/(4/12). Let c be (-40)/28 - s - 2624/(-14). Calculate the highest common factor of c and 17.
17
Let x be (-4 + -1)*(-2 - 1). Suppose -3*m + 67 = 2*i, 0 = -i + 6*m - m + 66. Suppose 4*w + y = 2*y + i, y = -1. What is the highest common factor of w and x?
5
Let w(y) = y**2 - 9*y + 32. Let f be w(18). Suppose -554 + f = -6*c. What is the highest common factor of c and 36?
12
Suppose -1140 = 7*c - 34. Let q be (-2)/12 - c/12. Calculate the greatest common factor of 2 and q.
1
Let f = -2429 + 2926. What is the highest common factor of f and 21?
7
Let s = 20841 - 19896. Calculate the greatest common divisor of 15435 and s.
315
Suppose 319 = -17*u - 20*u + 3168. Calculate the greatest common divisor of u and 196.
7
Let n(r) = -r**3 - 8*r**2 + 8. Let f be n(-8). Let p be -65*23/(-1794) - 1046/(-12). Calculate the greatest common factor of f and p.
8
Suppose 0*n = -n, 5*w + 5*n = 0. Let t be (5 + -4)*(w - 0)*1. Suppose 3*l - 28 - 14 = t. What is the highest common factor of 7 and l?
7
Suppose 58 = 3*n + 4*c, -n - 4*c = -3*n + 72. Let g = 3 + -10. Let h be (-6)/(-21) + (0 - n/g). What is the highest common divisor of 16 and h?
4
Suppose 4*b + 4*b - 416 = 0. Let q be (-268)/(6/(-10)*(-12)/(-18)). Suppose -2*i + d + 250 = -d, q = 5*i + 4*d. What is the greatest common factor of b and i?
26
Let y(o) = -22*o - 329. Suppose 0 = 2*g - 0*g - 5*r + 55, 0 = -r + 1. Let t be y(g). Calculate the greatest common divisor of 13 and t.
13
Suppose 480 = 16*g + 4*g. Let a be 68/2*g/(7 - 4). What is the greatest common factor of a and 17?
17
Suppose 2*i - 7*i = 25. Let t be ((i - 0) + 5)/(-1 - -2). Suppose 0*k + 5*k - 885 = t. What is the greatest common divisor of 59 and k?
59
Suppose -3 = 8*p - 5*p. Let w(k) = 1. Let c(f) = -3*f + 27. Let b(a) = p*w(a) + c(a). Let j be b(5). Calculate the highest common divisor of j and 77.
11
Let d be (-2)/8 + 6859/76. Suppose -4*l + 9 + 7 = 0, -5*l = -g + d. What is the greatest common divisor of 10 and g?
10
Suppose 0 = -5*s + 5*w + 35525, 5*s + 82*w - 78*w = 35525. What is the greatest common divisor of s and 70?
35
Let v(u) = -u**3 + 11*u**2 - 5*u - 20. Let i be 6 + -1 - (-65)/13. Let a be v(i). Suppose 0*q - q + 6 = 0. What is the highest common divisor of a and q?
6
Suppose 42 = 7*p - 189. Let a(f) = 28*f**3 - 5*f**2 + 11*f - 6. Let t be a(2). What is the greatest common factor of t and p?
11
Let d = -1427 - 3997. Let n be -2 - ((-4)/(-14) + d/21). Calculate the highest common divisor of 16 and n.
16
Suppose q + 2*r = -2*q + 608, 5*r = -2